omposite number?
True
Is 12690981119 prime?
True
Is 458806594 a prime number?
False
Is 122878841 composite?
True
Is 235647877 a prime number?
True
Is 2776353641 composite?
True
Is 178023356657 a prime number?
True
Is 109757029 composite?
True
Is 33436188197 a composite number?
True
Is 2076471611 a prime number?
True
Is 47890334711 a prime number?
True
Is 1136997947 composite?
True
Is 9017844419 composite?
True
Is 2356322957 prime?
False
Is 60171106607 a prime number?
False
Is 1194083339 prime?
False
Is 840873067 prime?
False
Is 1817214757 a prime number?
True
Is 11158088089 a prime number?
True
Is 49653929991 prime?
False
Is 8427228613 a composite number?
False
Is 1184848741 a prime number?
True
Is 16147226789 composite?
False
Is 23504071337 composite?
True
Is 466391253711 a composite number?
True
Is 18771107021 composite?
False
Is 2829937369 a composite number?
True
Is 25430420485 a prime number?
False
Is 6863684099 prime?
False
Is 25353790237 a prime number?
False
Is 8814008897 a composite number?
False
Is 30305104409 prime?
True
Is 29973523913 a prime number?
True
Is 7573529773 prime?
True
Is 6027564923 composite?
False
Is 727833479 a prime number?
True
Is 62024213807 a prime number?
True
Is 3856074167 composite?
True
Is 389137049 a prime number?
False
Is 58508747159 prime?
True
Is 2317979849 a composite number?
True
Is 1501355677 a prime number?
True
Is 20766426623 a prime number?
False
Is 1534759049 prime?
False
Is 1722829111 a composite number?
True
Is 2713366697 composite?
True
Is 1040117791 a composite number?
False
Is 3924342787 prime?
True
Is 1868976407 prime?
True
Is 651557177 a composite number?
True
Is 46277610079 prime?
True
Is 438263047 a composite number?
False
Is 286298099 composite?
True
Is 4057086463 prime?
False
Is 121518296765 prime?
False
Is 13889912261 a prime number?
True
Is 49512845971 a prime number?
True
Is 5912456971 prime?
False
Is 491204965 composite?
True
Is 10050251 a prime number?
False
Is 97945877 a composite number?
False
Is 55668551 a composite number?
False
Is 61994126401 prime?
False
Is 3301546529 a prime number?
True
Is 1966317797 composite?
True
Is 177821333 a prime number?
True
Is 978214957 a composite number?
False
Is 458335571 a prime number?
False
Is 10803601543 composite?
True
Is 5114847313 composite?
True
Is 736562633 a composite number?
False
Is 42284386099 a composite number?
False
Is 596411603 prime?
True
Is 12494358209 a prime number?
False
Is 27035255581 a prime number?
False
Is 2481581917 composite?
False
Is 92030874197 prime?
True
Is 78509944283 a prime number?
True
Is 167145474299 a prime number?
True
Is 64195639931 prime?
True
Is 1673394551 prime?
False
Is 1828040177 a prime number?
True
Is 14286422231 a composite number?
False
Is 507569843 composite?
True
Is 858460511 prime?
False
Is 10510681781 a prime number?
False
Is 425592347 prime?
True
Is 19000015679 a composite number?
False
Is 39833383 composite?
False
Is 294929177 prime?
True
Is 44985541 prime?
False
Is 1252498391 prime?
True
Is 3765724217 a composite number?
False
Is 815824351 a composite number?
False
Is 17669858171 prime?
False
Is 61200551 prime?
False
Is 1494675473 prime?
False
Is 457714263 prime?
False
Is 1336032937 a prime number?
False
Is 33507248219 a composite number?
False
Is 33287014583 a composite number?
True
Is 81385269707 composite?
True
Is 3232573241 composite?
False
Is 48853111273 a prime number?
True
Is 11533900837 a prime number?
True
Is 2945024317 composite?
False
Is 60454793897 a prime number?
False
Is 1885704455 a prime number?
False
Is 83853871 a composite number?
False
Is 3895618219 a prime number?
True
Is 8230015007 a prime number?
True
Is 3795029713 a composite number?
True
Is 299779553 a composite number?
True
Is 9040600057 composite?
False
Is 1928002711 prime?
True
Is 10936920689 a prime number?
True
Is 6117315611 a composite number?
True
Is 2166121574 prime?
False
Is 5590109446 a prime number?
False
Is 606877519 prime?
False
Is 8399595023 a prime number?
True
Is 80202623 a composite number?
False
Is 2518591953 a composite number?
True
Is 333056873 prime?
False
Is 147373091 prime?
False
Is 26925832237 prime?
True
Is 366006059 a composite number?
True
Is 333867211 composite?
True
Is 1511225671 a prime number?
True
Is 3344286391 a composite number?
True
Is 754676534 composite?
True
Is 58241486621 composite?
True
Is 1272163091 composite?
True
Is 125628863903 prime?
True
Is 5498683 a prime number?
False
Is 502413619 composite?
True
Is 2582417009 a prime number?
True
Is 486656003 composite?
False
Is 1074138817 composite?
False
Is 1530513883 composite?
False
Is 27025833167 a prime number?
True
Is 1326524077 a prime number?
True
Is 75902049581 a prime number?
True
Is 487796527 prime?
True
Is 137318463937 prime?
True
Is 9142630901 prime?
True
Is 372661337 a prime number?
True
Is 1127884595 composite?
True
Is 188393241301 composite?
True
Is 18538975373 prime?
True
Is 44955177233 prime?
True
Is 3184117471 a prime number?
False
Is 2262294311 a composite number?
False
Is 2166623863 a composite number?
False
Is 33281875603 prime?
True
Is 5942611687 a prime number?
False
Is 1102350251 a prime number?
True
Is 76373206769 composite?
False
Is 5010411431 prime?
False
Is 107294739 a prime number?
False
Is 222848179 composite?
True
Is 2019617359 composite?
True
Is 439222409 a composite number?
True
Is 46029491 a composite number?
False
Is 2395695857 a composite number?
False
Is 10567807021 a composite number?
True
Is 771527849 composite?
False
Is 8075419337 a prime number?
False
Is 97298911799 a composite number?
True
Is 11494045697 a composite number?
True
Is 747657797 prime?
True
Is 3389869981 a prime number?
False
Is 12664090822 composite?
True
Is 10377572407 a prime number?
False
Is 803281301 prime?
False
Is 941193401 a composite number?
False
Is 577314109 a composite number?
True
Is 2068599209 prime?
False
Is 142816627897 a prime number?
True
Is 337796639 a prime number?
True
Is 6521564927 a composite number?
False
Is 8763371587 a prime number?
False
Is 6318354721 prime?
False
Is 1628413199 a prime number?
False
Is 777666623 a composite number?
True
Is 905597687 a prime number?
False
Is 38164562071 composite?
False
Is 1717943363 prime?
True
Is 10494826493 a composite number?
False
Is 67815703 prime?
False
Is 1132836329 a composite number?
True
Is 512534597 prime?
True
Is 216968758027 a prime number?
False
Is 12641418703 prime?
True
Is 519794651 a prime number?
True
Is 442833091 a composite number?
False
Is 7043393933 composite?
False
Is 15990843781 a prime number?
False
Is 2477474377 a composite number?
True
Is 3296297437 a composite number?
False
Is 375403069 a composite number?
True
Is 7148987 a prime number?
True
Is 610752881 prime?
False
Is 16233168127 a composite number?
True
Is 4282458689 prime?
False
Is 21444835541 prime?
False
Is 1447597309 composite?
True
Is 6937382757 a composite number?
True
Is 461315425647 a composite number?
True
Is 1841536313 a composite number?
False
Is 2176039741 a composite number?
True
Is 4569932663 prime?
True
Is 259671239 a composite number?
False
Is 104559229 composite?
False
Is 11457274571 a composite number?
True
Is 13711567 a prime number?
False
Is 556355369 a composite number?
True
Is 269858437 composite?
False
Is 259234589 prime?
True
Is 1251694961 composite?
True
Is 113588518 prime?
False
Is 26655568471 prime?
False
Is 5596422397 a prime number?
False
Is 16843324831 a prime number?
True
Is 6605331731 composite?
True
Is 31290686359 prime?
True
Is 647012437 a composite number?
False
Is 8797660537 prime?
True
Is 5054638705 prime?
False
Is 405800189 a composite number?
False
Is 69878761531 prime?
False
Is 23421947543 prime?
True
Is 17315154463 a prime number?
True
Is 1244455691 a prime number?
False
Is 2577831951 a composite number?
True
Is 12252596299 a composite number?
True
Is 2081124407 prime?
False
Is 21314856521 prime?
False
Is 78388223 composite?
False
Is 10476966523 composite?
False
Is 418236649 a prime number?
True
Is 10439716943 a composite number?
False
Is 59489837189 composite?
True
Is 641029643 prime?
True
Is 14678450921 a composite number?
True
Is 27201250033 prime?
True
Is 1240543303 a prime number?
True
Is 372401143 composite?
False
Is 59478253321 prime?
Tr